{"id":1155,"date":"2025-01-09T16:33:32","date_gmt":"2025-01-09T15:33:32","guid":{"rendered":"https:\/\/www.xave-vtc.com\/?page_id=1155"},"modified":"2025-01-09T16:45:27","modified_gmt":"2025-01-09T15:45:27","slug":"mentions-legales","status":"publish","type":"page","link":"https:\/\/www.xave-vtc.com\/index.php\/mentions-legales\/","title":{"rendered":"Mentions l\u00e9gales"},"content":{"rendered":"\t\t<div data-elementor-type=\"wp-page\" data-elementor-id=\"1155\" class=\"elementor elementor-1155\">\n\t\t\t\t<div class=\"elementor-element elementor-element-fd0ef21 e-flex e-con-boxed e-con e-parent\" data-id=\"fd0ef21\" data-element_type=\"container\" data-settings=\"{&quot;background_background&quot;:&quot;classic&quot;}\">\n\t\t\t\t\t<div class=\"e-con-inner\">\n\t\t\t\t<div class=\"elementor-element elementor-element-2da3207 elementor-widget elementor-widget-text-editor\" data-id=\"2da3207\" data-element_type=\"widget\" data-widget_type=\"text-editor.default\">\n\t\t\t\t<div class=\"elementor-widget-container\">\n\t\t\t\t\t\t\t<div class=\"thn_post_wrap\"><h1 class=\"page-title\"><span style=\"color: #ffffff;\">Mentions l\u00e9gales<\/span><\/h1><div class=\"elementor elementor-597\" data-elementor-type=\"wp-page\" data-elementor-id=\"597\"><section class=\"elementor-section elementor-top-section elementor-element elementor-element-410bc73 elementor-section-boxed elementor-section-height-default elementor-section-height-default wpr-particle-no wpr-jarallax-no wpr-parallax-no wpr-sticky-section-no\" data-id=\"410bc73\" data-element_type=\"section\"><div class=\"elementor-container elementor-column-gap-default\"><div class=\"elementor-column elementor-col-100 elementor-top-column elementor-element elementor-element-2ddbc06\" data-id=\"2ddbc06\" data-element_type=\"column\"><div class=\"elementor-widget-wrap elementor-element-populated\"><div class=\"elementor-element elementor-element-0ce649f elementor-widget elementor-widget-text-editor\" data-id=\"0ce649f\" data-element_type=\"widget\" data-widget_type=\"text-editor.default\"><div class=\"elementor-widget-container\"><div data-elementor-type=\"wp-page\" data-elementor-id=\"476\" data-elementor-settings=\"[]\"><div><section data-id=\"654ed48\" data-element_type=\"section\"><div><div data-id=\"0c216ad\" data-element_type=\"column\"><div><div data-id=\"efe78af\" data-element_type=\"widget\" data-widget_type=\"text-editor.default\"><div><div><div><div><div><section data-id=\"m57kvga\" data-element_type=\"section\"><div><div><div data-id=\"x7ko5vh\" data-element_type=\"column\"><div><div><div data-id=\"f1br6l7\" data-element_type=\"text-editor.default\"><div><div><p><span style=\"color: #ffffff;\">Nous vous invitons \u00e0 lire les modalit\u00e9s d\u2019utilisation du pr\u00e9sent du pr\u00e9sent site avant de le parcourir car en le parcourant, vous acceptez celles-ci.<\/span><\/p><h3><span style=\"color: #ffffff;\">Editeur du site<\/span><\/h3><div><p><span style=\"color: #ffffff;\"><b>Nine-Web<\/b><\/span><br \/><span style=\"color: #ffffff;\">3 rue du surgeon<\/span><br \/><span style=\"color: #ffffff;\">62149 Cambrin<\/span><br \/><span style=\"color: #ffffff;\">France<\/span><br \/><span style=\"color: #ffffff;\">T\u00e9l. : + 33 (0)6 <span class=\"phntp\">66 11 09 09<\/span> <\/span><br \/><span style=\"color: #ffffff;\">Mail : contact@nine-Web.fr<\/span><br \/><span style=\"color: #ffffff;\">Nine-Web est une EURL au capital de 2000\u20ac<\/span><\/p><\/div><h3><span style=\"color: #ffffff;\">Conditions d\u2019utilisation<\/span><\/h3><p><span style=\"color: #ffffff;\">Le site accessible par les url suivants : www.xave-vtc.com est exploit\u00e9 dans le respect de la l\u00e9gislation fran\u00e7aise. L\u2019utilisation de ce site est r\u00e9gie par les pr\u00e9sentes conditions g\u00e9n\u00e9rales. En utilisant le site, vous reconnaissez avoir pris connaissance de ces conditions et les avoir accept\u00e9es. Celles-ci pourront \u00eatre modifi\u00e9es \u00e0 tout moment et sans pr\u00e9avis par la soci\u00e9t\u00e9 www.xave-vtc.com. La soci\u00e9t\u00e9 ne saurait \u00eatre tenue pour responsable en aucune mani\u00e8re d\u2019une mauvaise utilisation du service.<\/span><\/p><h3><span style=\"color: #ffffff;\">Responsable \u00e9ditorial<\/span><\/h3><div><p><span style=\"color: #ffffff;\"><strong>Xave&rsquo;VTC<\/strong><\/span><br \/><span style=\"color: #ffffff;\">T\u00e9l. : + 33 (0)7 63 88 68 27<\/span><\/p><\/div><h3><span style=\"color: #ffffff;\">Limitation de responsabilit\u00e9<\/span><\/h3><p><span style=\"color: #ffffff;\">Les informations contenues sur ce site sont aussi pr\u00e9cises que possible. Le site est p\u00e9riodiquement remis \u00e0 jour mais peut toutefois contenir des inexactitudes, des omissions ou des lacunes. Si vous constatez une lacune, erreur ou ce qui parait \u00eatre un dysfonctionnement, merci de bien vouloir le signaler par email en d\u00e9crivant le probl\u00e8me de la mani\u00e8re la plus pr\u00e9cise possible (page posant probl\u00e8me, action d\u00e9clenchante, type d\u2019ordinateur et de navigateur utilis\u00e9, \u2026).<\/span><\/p><p><span style=\"color: #ffffff;\">Tout contenu t\u00e9l\u00e9charg\u00e9 se fait aux risques et p\u00e9rils de l\u2019utilisateur et sous sa seule responsabilit\u00e9. En cons\u00e9quence, Xave&rsquo;VTC ne saurait \u00eatre tenu responsable d\u2019un quelconque dommage subi par l\u2019ordinateur de l\u2019utilisateur ou d\u2019une quelconque perte de donn\u00e9es cons\u00e9cutives au t\u00e9l\u00e9chargement.<\/span><br \/><span style=\"color: #ffffff;\">Les photos sont non contractuelles.<\/span><br \/><span style=\"color: #ffffff;\">Les liens hypertexte mis en place dans le cadre du pr\u00e9sent site internet en direction d\u2019autres ressources pr\u00e9sentes sur le r\u00e9seau Internet ne sauraient engager la responsabilit\u00e9 de Xave&rsquo;VTC.<\/span><\/p><h3><span style=\"color: #ffffff;\">Litiges<\/span><\/h3><p><span style=\"color: #ffffff;\">Les pr\u00e9sentes conditions sont r\u00e9gies par les lois fran\u00e7aises toute contestation ou litige qui pourrait na\u00eetre de l\u2019interpr\u00e9tation ou de<\/span><br \/><span style=\"color: #ffffff;\">l\u2019ex\u00e9cution de celles-ci seront de la comp\u00e9tence exclusive des tribunaux dont d\u00e9pend le si\u00e8ge social de la soci\u00e9t\u00e9 Xave&rsquo;VTC. La langue de r\u00e9f\u00e9rence, pour le r\u00e8glement de contentieux \u00e9ventuels, est le fran\u00e7ais.<\/span><\/p><h3><span style=\"color: #ffffff;\">Droit d\u2019acc\u00e8s<\/span><\/h3><p><span style=\"color: #ffffff;\">En application de cette loi, les internautes disposent d\u2019un droit d\u2019acc\u00e8s, de rectification, de modification et de suppression concernant les donn\u00e9es qui les concernent personnellement. Ce droit peut \u00eatre exerc\u00e9 par voie postale aupr\u00e8s de Xave&rsquo;VTC 40 R\u00e9s Schweitzer, 62114 Sains-en-Gohelle ou par voie \u00e9lectronique \u00e0 l\u2019adresse email suivante : xavevtc62@gmail.com<\/span><br \/><span style=\"color: #ffffff;\">Les informations personnelles collect\u00e9es ne sont en aucun cas confi\u00e9es \u00e0 des tiers hormis pour l\u2019\u00e9ventuelle bonne ex\u00e9cution de la prestation command\u00e9e par l\u2019internaute.<\/span><\/p><h3><span style=\"color: #ffffff;\">Confidentialit\u00e9<\/span><\/h3><p><span style=\"color: #ffffff;\">Vos donn\u00e9es personnelles sont confidentielles et ne seront en aucun cas communiqu\u00e9es \u00e0 des tiers hormis pour la bonne ex\u00e9cution de la prestation.<\/span><\/p><h3><span style=\"color: #ffffff;\">Propri\u00e9t\u00e9 intellectuelle<\/span><\/h3><p><span style=\"color: #ffffff;\">Tout le contenu du pr\u00e9sent site, incluant, de fa\u00e7on non limitative, les graphismes, images, textes, vid\u00e9os, animations, sons, logos, gifs et ic\u00f4nes ainsi que leur mise en forme sont la propri\u00e9t\u00e9 exclusive de la soci\u00e9t\u00e9 Xave&rsquo;VTC \u00e0 l\u2019exception des marques, logos ou contenus appartenant \u00e0 d\u2019autres soci\u00e9t\u00e9s partenaires ou auteurs.<\/span><br \/><span style=\"color: #ffffff;\">Toute reproduction, distribution, modification, adaptation, retransmission ou publication, m\u00eame partielle, de ces diff\u00e9rents \u00e9l\u00e9ments est strictement interdite sans l\u2019accord expr\u00e8s par \u00e9crit de Xave&rsquo;VTC. Cette repr\u00e9sentation ou reproduction, par quelque proc\u00e9d\u00e9 que ce soit, constitue une contrefa\u00e7on sanctionn\u00e9e par les articles L.3335-2 et suivants du Code de la propri\u00e9t\u00e9 intellectuelle. Le non-respect de cette interdiction constitue une contrefa\u00e7on pouvant engager la responsabilit\u00e9 civile et p\u00e9nale du contrefacteur. En outre, les propri\u00e9taires des Contenus copi\u00e9s pourraient intenter une action en justice \u00e0 votre encontre.<\/span><\/p><p><span style=\"color: #ffffff;\">Xave&rsquo;VTC est propri\u00e9taire des \u00ab droits des producteurs de bases de donn\u00e9es \u00bb vis\u00e9s au Livre III, Titre IV, du Code de la Propri\u00e9t\u00e9 Intellectuelle (loi n\u00b0 98-536 du 1er juillet 1998) relative aux droits d\u2019auteur et aux bases de donn\u00e9es.<\/span><\/p><p><span style=\"color: #ffffff;\">Les utilisateurs et visiteurs du site internet peuvent mettre en place un hyperlien en direction de ce site, mais uniquement en direction de la page d\u2019accueil, accessible \u00e0 l\u2019URL suivante :<\/span><br \/><span style=\"color: #ffffff;\">www.xave-vtc.com \u00e0 condition que ce lien s\u2019ouvre dans une nouvelle fen\u00eatre. \u00a0Un lien vers une sous page (\u00ab lien profond \u00bb) est interdit, ainsi que l\u2019ouverture du pr\u00e9sent site au sein d\u2019un cadre (\u00ab framing \u00bb), sauf l\u2019autorisation expresse et pr\u00e9alable de Xave&rsquo;VTC.<\/span><\/p><h3><span style=\"color: #ffffff;\">H\u00e9bergeur<\/span><\/h3><p><span style=\"color: #ffffff;\">OVH \u2013 Roubaix<\/span><\/p><h3><span style=\"color: #ffffff;\">Responsabilit\u00e9<\/span><\/h3><p><span style=\"color: #ffffff;\">Aucune autre garantie n\u2019est accord\u00e9e au client, auquel incombe l\u2019obligation de formuler clairement ses besoins et le devoir de s\u2019informer. Si des informations fournies par Xave&rsquo;VTC apparaissent inexactes, il appartiendra au client de proc\u00e9der lui-m\u00eame \u00e0 toutes v\u00e9rifications de la coh\u00e9rence ou de la vraisemblance des r\u00e9sultats obtenus. Xave&rsquo;VTC ne sera en aucune fa\u00e7on responsable vis \u00e0 vis des tiers de l\u2019utilisation par le client des informations ou de leur absence contenues dans ses produits y compris un de ses sites Internet.<\/span><\/p><h3><span style=\"color: #ffffff;\">Contactez-nous<\/span><\/h3><p><span style=\"color: #ffffff;\">Xave&rsquo;VTC est \u00e0 votre disposition pour tous vos commentaires ou suggestions. Vous pouvez nous \u00e9crire en fran\u00e7ais par courrier \u00e9lectronique \u00e0 : xavevtc62@gmail.com<\/span><\/p><\/div><\/div><\/div><\/div><\/div><\/div><\/div><\/div><\/section><\/div><\/div><\/div><\/div><\/div><\/div><\/div><\/div><\/div><\/section><\/div><\/div><\/div><\/div><\/div><\/div><\/div><\/section><\/div><\/div>\t\t\t\t\t\t<\/div>\n\t\t\t\t<\/div>\n\t\t\t\t\t<\/div>\n\t\t\t\t<\/div>\n\t\t\t\t<\/div>\n\t\t","protected":false},"excerpt":{"rendered":"<p>Mentions l\u00e9gales Nous vous invitons \u00e0 lire les modalit\u00e9s d\u2019utilisation du pr\u00e9sent du pr\u00e9sent site avant de le parcourir car en le parcourant, vous acceptez celles-ci. Editeur du site Nine-Web3 rue du surgeon62149 CambrinFranceT\u00e9l. : + 33 (0)6 66 11 09 09 Mail : contact@nine-Web.frNine-Web est une EURL au capital de 2000\u20ac Conditions d\u2019utilisation Le<br \/><a class=\"moretag\" href=\"https:\/\/www.xave-vtc.com\/index.php\/mentions-legales\/\">+ Read More<\/a><\/p>\n","protected":false},"author":1,"featured_media":0,"parent":0,"menu_order":0,"comment_status":"closed","ping_status":"closed","template":"templates\/page-builder.php","meta":{"footnotes":""},"class_list":["post-1155","page","type-page","status-publish","hentry"],"_links":{"self":[{"href":"https:\/\/www.xave-vtc.com\/index.php\/wp-json\/wp\/v2\/pages\/1155","targetHints":{"allow":["GET"]}}],"collection":[{"href":"https:\/\/www.xave-vtc.com\/index.php\/wp-json\/wp\/v2\/pages"}],"about":[{"href":"https:\/\/www.xave-vtc.com\/index.php\/wp-json\/wp\/v2\/types\/page"}],"author":[{"embeddable":true,"href":"https:\/\/www.xave-vtc.com\/index.php\/wp-json\/wp\/v2\/users\/1"}],"replies":[{"embeddable":true,"href":"https:\/\/www.xave-vtc.com\/index.php\/wp-json\/wp\/v2\/comments?post=1155"}],"version-history":[{"count":43,"href":"https:\/\/www.xave-vtc.com\/index.php\/wp-json\/wp\/v2\/pages\/1155\/revisions"}],"predecessor-version":[{"id":1199,"href":"https:\/\/www.xave-vtc.com\/index.php\/wp-json\/wp\/v2\/pages\/1155\/revisions\/1199"}],"wp:attachment":[{"href":"https:\/\/www.xave-vtc.com\/index.php\/wp-json\/wp\/v2\/media?parent=1155"}],"curies":[{"name":"wp","href":"https:\/\/api.w.org\/{rel}","templated":true}]}}